
























































{"id":10772,"date":"2013-08-22T11:02:01","date_gmt":"2013-08-22T11:02:01","guid":{"rendered":"https:\/\/emquies-holstein.com\/produkt\/10772\/"},"modified":"2017-09-19T12:21:07","modified_gmt":"2017-09-19T12:21:07","slug":"flamenco-ohrstecker-18-karat-weissgold","status":"publish","type":"product","link":"https:\/\/emquies-holstein.com\/de\/product\/flamenco-ohrstecker-18-karat-weissgold\/","title":{"rendered":"Flamenco Ohrstecker- 18 Karat Wei\u00dfgold"},"content":{"rendered":"<p><strong>Flamenco<\/strong><\/p>\n<p>Die Flamenco Kollektion ist eine zarte Verbindung des modernen skandinavischen Minimalismus mit der spanischen Kultur. Die gewellten Linien des Rings symbolisieren die unverwechselbaren R\u00fcschen des Flamenco Kleids und erinnern uns an den Rhythmus und die verlockenden Kl\u00e4nge der Flamenco Musik. Der Tanz wird in jedem einzelnen Schmuckst\u00fcck buchst\u00e4blich f\u00fchlbar.<\/p>\n","protected":false},"excerpt":{"rendered":"<p>Ohrstecker-18 Karat Wei\u00dfgold<\/p>\n<p>Auch verf\u00fcgbar mit Diamanten. Preis auf Anfrage.<\/p>\n<p><em>Das Foto zeigt, wie der Schmuck aussieht. Jedes St\u00fcck ist ein handgemachtes Einzelst\u00fcck ist, daher wird es immer Abweichungen geben<\/em>.<\/p>\n<p>Ma\u00dfe: ca. 10 mm Durchmesser<\/p>\n<p>Lieferung: 15 Arbeitstage<\/p>\n","protected":false},"featured_media":3556,"comment_status":"closed","ping_status":"closed","template":"","meta":{"_acf_changed":false},"product_brand":[],"product_cat":[583,559],"product_tag":[],"class_list":{"0":"post-10772","1":"product","2":"type-product","3":"status-publish","4":"has-post-thumbnail","6":"product_cat-flamenco-de","7":"product_cat-oerering-de","8":"pa_kollektion-flamenco-de","9":"pa_material-weissgold","10":"pa_produkt-ohrringe","12":"first","13":"instock","14":"shipping-taxable","15":"purchasable","16":"product-type-simple"},"acf":[],"yoast_head":"<!-- This site is optimized with the Yoast SEO plugin v27.4 - https:\/\/yoast.com\/product\/yoast-seo-wordpress\/ -->\n<title>Flamenco Ohrstecker- 18 Karat Wei\u00dfgold - emquies-holstein<\/title>\n<meta name=\"robots\" content=\"index, follow, max-snippet:-1, max-image-preview:large, max-video-preview:-1\" \/>\n<link rel=\"canonical\" href=\"https:\/\/emquies-holstein.com\/de\/product\/flamenco-ohrstecker-18-karat-weissgold\/\" \/>\n<meta property=\"og:locale\" content=\"de_DE\" \/>\n<meta property=\"og:type\" content=\"article\" \/>\n<meta property=\"og:title\" content=\"Flamenco Ohrstecker- 18 Karat Wei\u00dfgold - emquies-holstein\" \/>\n<meta property=\"og:description\" content=\"Ohrstecker-18 Karat Wei\u00dfgold  Auch verf\u00fcgbar mit Diamanten. Preis auf Anfrage.  Das Foto zeigt, wie der Schmuck aussieht. Jedes St\u00fcck ist ein handgemachtes Einzelst\u00fcck ist, daher wird es immer Abweichungen geben.  Ma\u00dfe: ca. 10 mm Durchmesser  Lieferung: 15 Arbeitstage\" \/>\n<meta property=\"og:url\" content=\"https:\/\/emquies-holstein.com\/de\/product\/flamenco-ohrstecker-18-karat-weissgold\/\" \/>\n<meta property=\"og:site_name\" content=\"emquies-holstein\" \/>\n<meta property=\"article:publisher\" content=\"https:\/\/da-dk.facebook.com\/emquiesholstein\/\" \/>\n<meta property=\"article:modified_time\" content=\"2017-09-19T12:21:07+00:00\" \/>\n<meta property=\"og:image\" content=\"https:\/\/emquies-holstein.com\/wp-content\/uploads\/2016\/07\/5.-unika-Flamenco-\u00f8restik-lille-i-s\u00f8lv-1.850-kr-6.jpg\" \/>\n\t<meta property=\"og:image:width\" content=\"822\" \/>\n\t<meta property=\"og:image:height\" content=\"822\" \/>\n\t<meta property=\"og:image:type\" content=\"image\/jpeg\" \/>\n<meta name=\"twitter:card\" content=\"summary_large_image\" \/>\n<script type=\"application\/ld+json\" class=\"yoast-schema-graph\">{\"@context\":\"https:\\\/\\\/schema.org\",\"@graph\":[{\"@type\":\"WebPage\",\"@id\":\"https:\\\/\\\/emquies-holstein.com\\\/de\\\/product\\\/flamenco-ohrstecker-18-karat-weissgold\\\/\",\"url\":\"https:\\\/\\\/emquies-holstein.com\\\/de\\\/product\\\/flamenco-ohrstecker-18-karat-weissgold\\\/\",\"name\":\"Flamenco Ohrstecker- 18 Karat Wei\u00dfgold - emquies-holstein\",\"isPartOf\":{\"@id\":\"https:\\\/\\\/emquies-holstein.com\\\/#website\"},\"primaryImageOfPage\":{\"@id\":\"https:\\\/\\\/emquies-holstein.com\\\/de\\\/product\\\/flamenco-ohrstecker-18-karat-weissgold\\\/#primaryimage\"},\"image\":{\"@id\":\"https:\\\/\\\/emquies-holstein.com\\\/de\\\/product\\\/flamenco-ohrstecker-18-karat-weissgold\\\/#primaryimage\"},\"thumbnailUrl\":\"https:\\\/\\\/emquies-holstein.com\\\/wp-content\\\/uploads\\\/2016\\\/07\\\/5.-unika-Flamenco-\u00f8restik-lille-i-s\u00f8lv-1.850-kr-6.jpg\",\"datePublished\":\"2013-08-22T11:02:01+00:00\",\"dateModified\":\"2017-09-19T12:21:07+00:00\",\"breadcrumb\":{\"@id\":\"https:\\\/\\\/emquies-holstein.com\\\/de\\\/product\\\/flamenco-ohrstecker-18-karat-weissgold\\\/#breadcrumb\"},\"inLanguage\":\"de\",\"potentialAction\":[{\"@type\":\"ReadAction\",\"target\":[\"https:\\\/\\\/emquies-holstein.com\\\/de\\\/product\\\/flamenco-ohrstecker-18-karat-weissgold\\\/\"]}]},{\"@type\":\"ImageObject\",\"inLanguage\":\"de\",\"@id\":\"https:\\\/\\\/emquies-holstein.com\\\/de\\\/product\\\/flamenco-ohrstecker-18-karat-weissgold\\\/#primaryimage\",\"url\":\"https:\\\/\\\/emquies-holstein.com\\\/wp-content\\\/uploads\\\/2016\\\/07\\\/5.-unika-Flamenco-\u00f8restik-lille-i-s\u00f8lv-1.850-kr-6.jpg\",\"contentUrl\":\"https:\\\/\\\/emquies-holstein.com\\\/wp-content\\\/uploads\\\/2016\\\/07\\\/5.-unika-Flamenco-\u00f8restik-lille-i-s\u00f8lv-1.850-kr-6.jpg\",\"width\":822,\"height\":822},{\"@type\":\"BreadcrumbList\",\"@id\":\"https:\\\/\\\/emquies-holstein.com\\\/de\\\/product\\\/flamenco-ohrstecker-18-karat-weissgold\\\/#breadcrumb\",\"itemListElement\":[{\"@type\":\"ListItem\",\"position\":1,\"name\":\"Hjem\",\"item\":\"https:\\\/\\\/emquies-holstein.com\\\/de\\\/\"},{\"@type\":\"ListItem\",\"position\":2,\"name\":\"Shop\",\"item\":\"https:\\\/\\\/emquies-holstein.com\\\/shop-2\\\/?lang=de\"},{\"@type\":\"ListItem\",\"position\":3,\"name\":\"Flamenco Ohrstecker- 18 Karat Wei\u00dfgold\"}]},{\"@type\":\"WebSite\",\"@id\":\"https:\\\/\\\/emquies-holstein.com\\\/#website\",\"url\":\"https:\\\/\\\/emquies-holstein.com\\\/\",\"name\":\"emquies-holstein\",\"description\":\"Just another WordPress site\",\"publisher\":{\"@id\":\"https:\\\/\\\/emquies-holstein.com\\\/#organization\"},\"potentialAction\":[{\"@type\":\"SearchAction\",\"target\":{\"@type\":\"EntryPoint\",\"urlTemplate\":\"https:\\\/\\\/emquies-holstein.com\\\/?s={search_term_string}\"},\"query-input\":{\"@type\":\"PropertyValueSpecification\",\"valueRequired\":true,\"valueName\":\"search_term_string\"}}],\"inLanguage\":\"de\"},{\"@type\":\"Organization\",\"@id\":\"https:\\\/\\\/emquies-holstein.com\\\/#organization\",\"name\":\"Emquies-Holstein\",\"url\":\"https:\\\/\\\/emquies-holstein.com\\\/\",\"logo\":{\"@type\":\"ImageObject\",\"inLanguage\":\"de\",\"@id\":\"https:\\\/\\\/emquies-holstein.com\\\/#\\\/schema\\\/logo\\\/image\\\/\",\"url\":\"https:\\\/\\\/emquies-holstein.com\\\/wp-content\\\/uploads\\\/2016\\\/07\\\/logo-1.png\",\"contentUrl\":\"https:\\\/\\\/emquies-holstein.com\\\/wp-content\\\/uploads\\\/2016\\\/07\\\/logo-1.png\",\"width\":300,\"height\":53,\"caption\":\"Emquies-Holstein\"},\"image\":{\"@id\":\"https:\\\/\\\/emquies-holstein.com\\\/#\\\/schema\\\/logo\\\/image\\\/\"},\"sameAs\":[\"https:\\\/\\\/da-dk.facebook.com\\\/emquiesholstein\\\/\",\"https:\\\/\\\/www.instagram.com\\\/emquiesholstein\\\/\",\"https:\\\/\\\/www.pinterest.dk\\\/emquiesholstein\\\/\"]}]}<\/script>\n<!-- \/ Yoast SEO plugin. -->","yoast_head_json":{"title":"Flamenco Ohrstecker- 18 Karat Wei\u00dfgold - emquies-holstein","robots":{"index":"index","follow":"follow","max-snippet":"max-snippet:-1","max-image-preview":"max-image-preview:large","max-video-preview":"max-video-preview:-1"},"canonical":"https:\/\/emquies-holstein.com\/de\/product\/flamenco-ohrstecker-18-karat-weissgold\/","og_locale":"de_DE","og_type":"article","og_title":"Flamenco Ohrstecker- 18 Karat Wei\u00dfgold - emquies-holstein","og_description":"Ohrstecker-18 Karat Wei\u00dfgold  Auch verf\u00fcgbar mit Diamanten. Preis auf Anfrage.  Das Foto zeigt, wie der Schmuck aussieht. Jedes St\u00fcck ist ein handgemachtes Einzelst\u00fcck ist, daher wird es immer Abweichungen geben.  Ma\u00dfe: ca. 10 mm Durchmesser  Lieferung: 15 Arbeitstage","og_url":"https:\/\/emquies-holstein.com\/de\/product\/flamenco-ohrstecker-18-karat-weissgold\/","og_site_name":"emquies-holstein","article_publisher":"https:\/\/da-dk.facebook.com\/emquiesholstein\/","article_modified_time":"2017-09-19T12:21:07+00:00","og_image":[{"width":822,"height":822,"url":"https:\/\/emquies-holstein.com\/wp-content\/uploads\/2016\/07\/5.-unika-Flamenco-\u00f8restik-lille-i-s\u00f8lv-1.850-kr-6.jpg","type":"image\/jpeg"}],"twitter_card":"summary_large_image","schema":{"@context":"https:\/\/schema.org","@graph":[{"@type":"WebPage","@id":"https:\/\/emquies-holstein.com\/de\/product\/flamenco-ohrstecker-18-karat-weissgold\/","url":"https:\/\/emquies-holstein.com\/de\/product\/flamenco-ohrstecker-18-karat-weissgold\/","name":"Flamenco Ohrstecker- 18 Karat Wei\u00dfgold - emquies-holstein","isPartOf":{"@id":"https:\/\/emquies-holstein.com\/#website"},"primaryImageOfPage":{"@id":"https:\/\/emquies-holstein.com\/de\/product\/flamenco-ohrstecker-18-karat-weissgold\/#primaryimage"},"image":{"@id":"https:\/\/emquies-holstein.com\/de\/product\/flamenco-ohrstecker-18-karat-weissgold\/#primaryimage"},"thumbnailUrl":"https:\/\/emquies-holstein.com\/wp-content\/uploads\/2016\/07\/5.-unika-Flamenco-\u00f8restik-lille-i-s\u00f8lv-1.850-kr-6.jpg","datePublished":"2013-08-22T11:02:01+00:00","dateModified":"2017-09-19T12:21:07+00:00","breadcrumb":{"@id":"https:\/\/emquies-holstein.com\/de\/product\/flamenco-ohrstecker-18-karat-weissgold\/#breadcrumb"},"inLanguage":"de","potentialAction":[{"@type":"ReadAction","target":["https:\/\/emquies-holstein.com\/de\/product\/flamenco-ohrstecker-18-karat-weissgold\/"]}]},{"@type":"ImageObject","inLanguage":"de","@id":"https:\/\/emquies-holstein.com\/de\/product\/flamenco-ohrstecker-18-karat-weissgold\/#primaryimage","url":"https:\/\/emquies-holstein.com\/wp-content\/uploads\/2016\/07\/5.-unika-Flamenco-\u00f8restik-lille-i-s\u00f8lv-1.850-kr-6.jpg","contentUrl":"https:\/\/emquies-holstein.com\/wp-content\/uploads\/2016\/07\/5.-unika-Flamenco-\u00f8restik-lille-i-s\u00f8lv-1.850-kr-6.jpg","width":822,"height":822},{"@type":"BreadcrumbList","@id":"https:\/\/emquies-holstein.com\/de\/product\/flamenco-ohrstecker-18-karat-weissgold\/#breadcrumb","itemListElement":[{"@type":"ListItem","position":1,"name":"Hjem","item":"https:\/\/emquies-holstein.com\/de\/"},{"@type":"ListItem","position":2,"name":"Shop","item":"https:\/\/emquies-holstein.com\/shop-2\/?lang=de"},{"@type":"ListItem","position":3,"name":"Flamenco Ohrstecker- 18 Karat Wei\u00dfgold"}]},{"@type":"WebSite","@id":"https:\/\/emquies-holstein.com\/#website","url":"https:\/\/emquies-holstein.com\/","name":"emquies-holstein","description":"Just another WordPress site","publisher":{"@id":"https:\/\/emquies-holstein.com\/#organization"},"potentialAction":[{"@type":"SearchAction","target":{"@type":"EntryPoint","urlTemplate":"https:\/\/emquies-holstein.com\/?s={search_term_string}"},"query-input":{"@type":"PropertyValueSpecification","valueRequired":true,"valueName":"search_term_string"}}],"inLanguage":"de"},{"@type":"Organization","@id":"https:\/\/emquies-holstein.com\/#organization","name":"Emquies-Holstein","url":"https:\/\/emquies-holstein.com\/","logo":{"@type":"ImageObject","inLanguage":"de","@id":"https:\/\/emquies-holstein.com\/#\/schema\/logo\/image\/","url":"https:\/\/emquies-holstein.com\/wp-content\/uploads\/2016\/07\/logo-1.png","contentUrl":"https:\/\/emquies-holstein.com\/wp-content\/uploads\/2016\/07\/logo-1.png","width":300,"height":53,"caption":"Emquies-Holstein"},"image":{"@id":"https:\/\/emquies-holstein.com\/#\/schema\/logo\/image\/"},"sameAs":["https:\/\/da-dk.facebook.com\/emquiesholstein\/","https:\/\/www.instagram.com\/emquiesholstein\/","https:\/\/www.pinterest.dk\/emquiesholstein\/"]}]}},"_links":{"self":[{"href":"https:\/\/emquies-holstein.com\/de\/wp-json\/wp\/v2\/product\/10772","targetHints":{"allow":["GET"]}}],"collection":[{"href":"https:\/\/emquies-holstein.com\/de\/wp-json\/wp\/v2\/product"}],"about":[{"href":"https:\/\/emquies-holstein.com\/de\/wp-json\/wp\/v2\/types\/product"}],"replies":[{"embeddable":true,"href":"https:\/\/emquies-holstein.com\/de\/wp-json\/wp\/v2\/comments?post=10772"}],"wp:featuredmedia":[{"embeddable":true,"href":"https:\/\/emquies-holstein.com\/de\/wp-json\/wp\/v2\/media\/3556"}],"wp:attachment":[{"href":"https:\/\/emquies-holstein.com\/de\/wp-json\/wp\/v2\/media?parent=10772"}],"wp:term":[{"taxonomy":"product_brand","embeddable":true,"href":"https:\/\/emquies-holstein.com\/de\/wp-json\/wp\/v2\/product_brand?post=10772"},{"taxonomy":"product_cat","embeddable":true,"href":"https:\/\/emquies-holstein.com\/de\/wp-json\/wp\/v2\/product_cat?post=10772"},{"taxonomy":"product_tag","embeddable":true,"href":"https:\/\/emquies-holstein.com\/de\/wp-json\/wp\/v2\/product_tag?post=10772"}],"curies":[{"name":"wp","href":"https:\/\/api.w.org\/{rel}","templated":true}]}}

Flamenco Ohrstecker- 18 Karat Weißgold

<p><strong>Flamenco</strong></p>
<p>Die Flamenco Kollektion ist eine zarte Verbindung des modernen skandinavischen Minimalismus mit der spanischen Kultur. Die gewellten Linien des Rings symbolisieren die unverwechselbaren Rüschen des Flamenco Kleids und erinnern uns an den Rhythmus und die verlockenden Klänge der Flamenco Musik. Der Tanz wird in jedem einzelnen Schmuckstück buchstäblich fühlbar.</p>

<p>Ohrstecker-18 Karat Weißgold</p>
<p>Auch verfügbar mit Diamanten. Preis auf Anfrage.</p>
<p><em>Das Foto zeigt, wie der Schmuck aussieht. Jedes Stück ist ein handgemachtes Einzelstück ist, daher wird es immer Abweichungen geben</em>.</p>
<p>Maße: ca. 10 mm Durchmesser</p>
<p>Lieferung: 15 Arbeitstage</p>

<!-- This site is optimized with the Yoast SEO plugin v27.4 - https://yoast.com/product/yoast-seo-wordpress/ -->
<title>Flamenco Ohrstecker- 18 Karat Weißgold - emquies-holstein</title>
<meta name="robots" content="index, follow, max-snippet:-1, max-image-preview:large, max-video-preview:-1" />
<link rel="canonical" href="https://emquies-holstein.com/de/product/flamenco-ohrstecker-18-karat-weissgold/" />
<meta property="og:locale" content="de_DE" />
<meta property="og:type" content="article" />
<meta property="og:title" content="Flamenco Ohrstecker- 18 Karat Weißgold - emquies-holstein" />
<meta property="og:description" content="Ohrstecker-18 Karat Weißgold  Auch verfügbar mit Diamanten. Preis auf Anfrage.  Das Foto zeigt, wie der Schmuck aussieht. Jedes Stück ist ein handgemachtes Einzelstück ist, daher wird es immer Abweichungen geben.  Maße: ca. 10 mm Durchmesser  Lieferung: 15 Arbeitstage" />
<meta property="og:url" content="https://emquies-holstein.com/de/product/flamenco-ohrstecker-18-karat-weissgold/" />
<meta property="og:site_name" content="emquies-holstein" />
<meta property="article:publisher" content="https://da-dk.facebook.com/emquiesholstein/" />
<meta property="article:modified_time" content="2017-09-19T12:21:07+00:00" />
<meta property="og:image" content="https://emquies-holstein.com/wp-content/uploads/2016/07/5.-unika-Flamenco-ørestik-lille-i-sølv-1.850-kr-6.jpg" />
	<meta property="og:image:width" content="822" />
	<meta property="og:image:height" content="822" />
	<meta property="og:image:type" content="image/jpeg" />
<meta name="twitter:card" content="summary_large_image" />
<script type="application/ld+json" class="yoast-schema-graph">{"@context":"https:\/\/schema.org","@graph":[{"@type":"WebPage","@id":"https:\/\/emquies-holstein.com\/de\/product\/flamenco-ohrstecker-18-karat-weissgold\/","url":"https:\/\/emquies-holstein.com\/de\/product\/flamenco-ohrstecker-18-karat-weissgold\/","name":"Flamenco Ohrstecker- 18 Karat Weißgold - emquies-holstein","isPartOf":{"@id":"https:\/\/emquies-holstein.com\/#website"},"primaryImageOfPage":{"@id":"https:\/\/emquies-holstein.com\/de\/product\/flamenco-ohrstecker-18-karat-weissgold\/#primaryimage"},"image":{"@id":"https:\/\/emquies-holstein.com\/de\/product\/flamenco-ohrstecker-18-karat-weissgold\/#primaryimage"},"thumbnailUrl":"https:\/\/emquies-holstein.com\/wp-content\/uploads\/2016\/07\/5.-unika-Flamenco-ørestik-lille-i-sølv-1.850-kr-6.jpg","datePublished":"2013-08-22T11:02:01+00:00","dateModified":"2017-09-19T12:21:07+00:00","breadcrumb":{"@id":"https:\/\/emquies-holstein.com\/de\/product\/flamenco-ohrstecker-18-karat-weissgold\/#breadcrumb"},"inLanguage":"de","potentialAction":[{"@type":"ReadAction","target":["https:\/\/emquies-holstein.com\/de\/product\/flamenco-ohrstecker-18-karat-weissgold\/"]}]},{"@type":"ImageObject","inLanguage":"de","@id":"https:\/\/emquies-holstein.com\/de\/product\/flamenco-ohrstecker-18-karat-weissgold\/#primaryimage","url":"https:\/\/emquies-holstein.com\/wp-content\/uploads\/2016\/07\/5.-unika-Flamenco-ørestik-lille-i-sølv-1.850-kr-6.jpg","contentUrl":"https:\/\/emquies-holstein.com\/wp-content\/uploads\/2016\/07\/5.-unika-Flamenco-ørestik-lille-i-sølv-1.850-kr-6.jpg","width":822,"height":822},{"@type":"BreadcrumbList","@id":"https:\/\/emquies-holstein.com\/de\/product\/flamenco-ohrstecker-18-karat-weissgold\/#breadcrumb","itemListElement":[{"@type":"ListItem","position":1,"name":"Hjem","item":"https:\/\/emquies-holstein.com\/de\/"},{"@type":"ListItem","position":2,"name":"Shop","item":"https:\/\/emquies-holstein.com\/shop-2\/?lang=de"},{"@type":"ListItem","position":3,"name":"Flamenco Ohrstecker- 18 Karat Weißgold"}]},{"@type":"WebSite","@id":"https:\/\/emquies-holstein.com\/#website","url":"https:\/\/emquies-holstein.com\/","name":"emquies-holstein","description":"Just another WordPress site","publisher":{"@id":"https:\/\/emquies-holstein.com\/#organization"},"potentialAction":[{"@type":"SearchAction","target":{"@type":"EntryPoint","urlTemplate":"https:\/\/emquies-holstein.com\/?s={search_term_string}"},"query-input":{"@type":"PropertyValueSpecification","valueRequired":true,"valueName":"search_term_string"}}],"inLanguage":"de"},{"@type":"Organization","@id":"https:\/\/emquies-holstein.com\/#organization","name":"Emquies-Holstein","url":"https:\/\/emquies-holstein.com\/","logo":{"@type":"ImageObject","inLanguage":"de","@id":"https:\/\/emquies-holstein.com\/#\/schema\/logo\/image\/","url":"https:\/\/emquies-holstein.com\/wp-content\/uploads\/2016\/07\/logo-1.png","contentUrl":"https:\/\/emquies-holstein.com\/wp-content\/uploads\/2016\/07\/logo-1.png","width":300,"height":53,"caption":"Emquies-Holstein"},"image":{"@id":"https:\/\/emquies-holstein.com\/#\/schema\/logo\/image\/"},"sameAs":["https:\/\/da-dk.facebook.com\/emquiesholstein\/","https:\/\/www.instagram.com\/emquiesholstein\/","https:\/\/www.pinterest.dk\/emquiesholstein\/"]}]}</script>
<!-- / Yoast SEO plugin. -->

Flamenco Ohrstecker- 18 Karat Weißgold - emquies-holstein

Ohrstecker-18 Karat Weißgold  Auch verfügbar mit Diamanten. Preis auf Anfrage.  Das Foto zeigt, wie der Schmuck aussieht. Jedes Stück ist ein handgemachtes Einzelstück ist, daher wird es immer Abweichungen geben.  Maße: ca. 10 mm Durchmesser  Lieferung: 15 Arbeitstage

https://emquies-holstein.com/wp-content/uploads/2016/07/5.-unika-Flamenco-ørestik-lille-i-sølv-1.850-kr-6.jpg
